{"id":282,"date":"2024-01-30T02:02:43","date_gmt":"2024-01-30T02:02:43","guid":{"rendered":"https:\/\/www.ar-ploty.cz\/?page_id=282"},"modified":"2024-02-07T22:48:03","modified_gmt":"2024-02-07T22:48:03","slug":"kontakt","status":"publish","type":"page","link":"https:\/\/www.ar-ploty.cz\/?page_id=282","title":{"rendered":"Kontakt"},"content":{"rendered":"<p><!-- Simple Icons --> <\/p>\n<style>\n        body {<br \/>\n            font-family: Arial, sans-serif;<br \/>\n            background-color: #f9f9f9;<br \/>\n            margin: 0;<br \/>\n            padding: 0;<br \/>\n        }<\/p>\n<p>        .contact-details {<br \/>\n            display: flex;<br \/>\n            flex-wrap: wrap;<br \/>\n            justify-content: center;<br \/>\n            align-items: flex-start; \/* Zarovn\u00e1n\u00ed na za\u010d\u00e1tek *\/<br \/>\n            height: 100vh;<br \/>\n        }<\/p>\n<p>        .contact-info {<br \/>\n            text-align: center;<br \/>\n            margin: 20px;<br \/>\n        }<\/p>\n<p>        .contact-icon {<br \/>\n            font-size: 48px;<br \/>\n            color: #007bff;<br \/>\n            margin-bottom: 10px;<br \/>\n        }<\/p>\n<p>        .contact-text h3 {<br \/>\n            margin-bottom: 5px;<br \/>\n            color: #333;<br \/>\n            font-size: 18px;<br \/>\n        }<\/p>\n<p>        .contact-text p {<br \/>\n            margin: 0;<br \/>\n            color: #666;<br \/>\n        }<\/p>\n<p>        .contact-text a {<br \/>\n            color: #007bff;<br \/>\n            text-decoration: none;<br \/>\n            transition: color 0.3s ease;<br \/>\n        }<\/p>\n<p>        .contact-text a:hover {<br \/>\n            color: #0056b3;<br \/>\n        }<br \/>\n    <\/style>\n<div class=\"contact-details\">\n<div class=\"contact-info\">\n<div class=\"contact-icon\"><\/div>\n<div class=\"contact-text\">\n<h3>AR-PLOTY.CZ<\/h3>\n<p>Kurzova 2222\/16, Stod\u016flky, Praha 13, 15500<\/p>\n<\/div>\n<\/div>\n<\/div>\n<div class=\"contact-info\">\n<div class=\"contact-icon\"><\/div>\n<div class=\"contact-text\">\n<h3><a href=\"tel:+420605729692\">TELEFON<\/a><\/h3>\n<p><a href=\"tel:+420605729692\">+420 605 729 692<\/a><\/p>\n<\/div>\n<\/div>\n<div class=\"contact-info\">\n<div class=\"contact-icon\"><\/div>\n<div class=\"contact-text\">\n<h3><a href=\"mailto:info@ar-ploty.cz\">E-MAIL<\/a><\/h3>\n<p><a href=\"mailto:info@ar-ploty.cz\">info@ar-ploty.cz<\/a><\/p>\n<\/div>\n<\/div>\n<div class=\"contact-info\">\n<div class=\"contact-icon\"><\/div>\n<div class=\"contact-text\">\n<h3>ZODPOV\u011aDN\u00c1 OSOBA<\/h3>\n<p>Ale\u0161 Rolenec<\/p>\n<\/div>\n<\/div>\n<div class=\"contact-info\">\n<div class=\"contact-icon\"><\/div>\n<div class=\"contact-text\">\n<h3>I\u010c<\/h3>\n<p>00713791<\/p>\n<\/div>\n<\/div>\n","protected":false},"excerpt":{"rendered":"<p>AR-PLOTY.CZ Kurzova 2222\/16, Stod\u016flky, Praha 13, 15500 TELEFON +420 605 729 692 E-MAIL info@ar-ploty.cz ZODPOV\u011aDN\u00c1 OSOBA Ale\u0161 Rolenec I\u010c 00713791<\/p>\n","protected":false},"author":1,"featured_media":0,"parent":0,"menu_order":0,"comment_status":"closed","ping_status":"closed","template":"","meta":{"footnotes":""},"class_list":["post-282","page","type-page","status-publish","hentry"],"_links":{"self":[{"href":"https:\/\/www.ar-ploty.cz\/index.php?rest_route=\/wp\/v2\/pages\/282","targetHints":{"allow":["GET"]}}],"collection":[{"href":"https:\/\/www.ar-ploty.cz\/index.php?rest_route=\/wp\/v2\/pages"}],"about":[{"href":"https:\/\/www.ar-ploty.cz\/index.php?rest_route=\/wp\/v2\/types\/page"}],"author":[{"embeddable":true,"href":"https:\/\/www.ar-ploty.cz\/index.php?rest_route=\/wp\/v2\/users\/1"}],"replies":[{"embeddable":true,"href":"https:\/\/www.ar-ploty.cz\/index.php?rest_route=%2Fwp%2Fv2%2Fcomments&post=282"}],"version-history":[{"count":14,"href":"https:\/\/www.ar-ploty.cz\/index.php?rest_route=\/wp\/v2\/pages\/282\/revisions"}],"predecessor-version":[{"id":590,"href":"https:\/\/www.ar-ploty.cz\/index.php?rest_route=\/wp\/v2\/pages\/282\/revisions\/590"}],"wp:attachment":[{"href":"https:\/\/www.ar-ploty.cz\/index.php?rest_route=%2Fwp%2Fv2%2Fmedia&parent=282"}],"curies":[{"name":"wp","href":"https:\/\/api.w.org\/{rel}","templated":true}]}}